{"id":353,"date":"2025-07-07T11:13:55","date_gmt":"2025-07-07T11:13:55","guid":{"rendered":"https:\/\/brisfacility.no\/?page_id=353"},"modified":"2025-07-08T13:37:08","modified_gmt":"2025-07-08T13:37:08","slug":"samarbeidspartnere","status":"publish","type":"page","link":"https:\/\/brisfacility.no\/index.php\/om-oss\/samarbeidspartnere\/","title":{"rendered":"V\u00e5re samarbeidspartnere"},"content":{"rendered":"\n<div class=\"wp-block-group alignfull is-layout-constrained wp-container-core-group-is-layout-876a7d94 wp-block-group-is-layout-constrained\" style=\"margin-top:0px;margin-bottom:0px;padding-top:var(--wp--preset--spacing--80);padding-right:var(--wp--preset--spacing--40);padding-bottom:var(--wp--preset--spacing--80);padding-left:var(--wp--preset--spacing--40)\">\n<div class=\"wp-block-group alignwide is-layout-flow wp-container-core-group-is-layout-cd434741 wp-block-group-is-layout-flow\">\n<div class=\"wp-block-columns are-vertically-aligned-center has-raft-bg-alt-background-color has-background is-layout-flex wp-container-core-columns-is-layout-e05d3243 wp-block-columns-is-layout-flex\" style=\"padding-top:0px;padding-right:0px;padding-bottom:0px;padding-left:0px\">\n<div class=\"wp-block-column is-vertically-aligned-center is-layout-flow wp-block-column-is-layout-flow\" style=\"flex-basis:40%\">\n<figure class=\"wp-block-image size-full\"><img loading=\"lazy\" decoding=\"async\" width=\"500\" height=\"440\" src=\"https:\/\/brisfacility.no\/wp-content\/uploads\/2025\/07\/elis-logo-500x440-1.png\" alt=\"\" class=\"wp-image-354\" srcset=\"https:\/\/brisfacility.no\/wp-content\/uploads\/2025\/07\/elis-logo-500x440-1.png 500w, https:\/\/brisfacility.no\/wp-content\/uploads\/2025\/07\/elis-logo-500x440-1-300x264.png 300w\" sizes=\"auto, (max-width: 500px) 100vw, 500px\" \/><\/figure>\n<\/div>\n\n\n\n<div class=\"wp-block-column is-vertically-aligned-center is-layout-flow wp-container-core-column-is-layout-71c1d140 wp-block-column-is-layout-flow\" style=\"padding-top:var(--wp--preset--spacing--50);padding-right:var(--wp--preset--spacing--50);padding-bottom:var(--wp--preset--spacing--50);padding-left:var(--wp--preset--spacing--50)\">\n<h3 class=\"wp-block-heading\">Elis Matteservice<\/h3>\n\n\n\n<p>Bris Facility har inng\u00e5tt et samarbeid med <strong>Elis Matteservice,<\/strong> som leverer og henter kvalitetsmatter med jevne mellomrom. Dette sikrer at v\u00e5re kunder alltid har <strong>rene, pene og trygge inngangspartier<\/strong> \u2013 tilpasset b\u00e5de sesong og behov. Samarbeidet gir oss mulighet til \u00e5 tilby <strong>fleksible og profesjonelle mattel\u00f8sninger<\/strong> med h\u00f8y leveringssikkerhet og god kvalitet.<\/p>\n\n\n\n<div class=\"wp-block-buttons is-layout-flex wp-block-buttons-is-layout-flex\">\n<div class=\"wp-block-button is-style-primary\"><a class=\"wp-block-button__link wp-element-button\" href=\"https:\/\/no.elis.com\/nb\/matteservice?at_medium=Sponsored%20Link&amp;at_network=google&amp;at_campaign=brand&amp;at_term=elismatteservice&amp;gad_source=1&amp;gad_campaignid=22545378189&amp;gbraid=0AAAAADImEkphMeLpJCiG6PMQX1DMgHHIj&amp;gclid=CjwKCAjw4K3DBhBqEiwAYtG_9BneUkx9vDU2BMEie0Onj45zN7F9joCYLmOGEzJiIuDJOiE_R-Ul1BoCvQYQAvD_BwE\">Elis Matteservice<\/a><\/div>\n<\/div>\n<\/div>\n<\/div>\n\n\n\n<div class=\"wp-block-columns are-vertically-aligned-center has-raft-bg-alt-background-color has-background is-layout-flex wp-container-core-columns-is-layout-e05d3243 wp-block-columns-is-layout-flex\" style=\"padding-top:0px;padding-right:0px;padding-bottom:0px;padding-left:0px\">\n<div class=\"wp-block-column is-vertically-aligned-center is-layout-flow wp-block-column-is-layout-flow\" style=\"flex-basis:40%\">\n<figure class=\"wp-block-image size-full\"><img loading=\"lazy\" decoding=\"async\" width=\"645\" height=\"387\" src=\"https:\/\/brisfacility.no\/wp-content\/uploads\/2025\/07\/10960-jpg_prev_ui.png\" alt=\"\" class=\"wp-image-375\" srcset=\"https:\/\/brisfacility.no\/wp-content\/uploads\/2025\/07\/10960-jpg_prev_ui.png 645w, https:\/\/brisfacility.no\/wp-content\/uploads\/2025\/07\/10960-jpg_prev_ui-300x180.png 300w\" sizes=\"auto, (max-width: 645px) 100vw, 645px\" \/><\/figure>\n<\/div>\n\n\n\n<div class=\"wp-block-column is-vertically-aligned-center is-layout-flow wp-container-core-column-is-layout-71c1d140 wp-block-column-is-layout-flow\" style=\"padding-top:var(--wp--preset--spacing--50);padding-right:var(--wp--preset--spacing--50);padding-bottom:var(--wp--preset--spacing--50);padding-left:var(--wp--preset--spacing--50)\">\n<h3 class=\"wp-block-heading\">Nordic Supply Partner AS<\/h3>\n\n\n\n<p>Bris Facility har inng\u00e5tt et samarbeid med\u00a0<strong>Nordic Supply Partner (NSP),<\/strong>\u00a0en anerkjent leverand\u00f8r av\u00a0<strong>kvalitetsprodukter til renholdsbransjen.<\/strong> Gjennom dette samarbeidet sikrer vi at v\u00e5re kunder f\u00e5r renhold utf\u00f8rt med\u00a0<strong>riktige, anbefalte og milj\u00f8vennlige produkter.<\/strong> NSP gir oss tilgang til profesjonell veiledning og et bredt utvalg av l\u00f8sninger som er tilpasset ulike behov. Samarbeidet styrker v\u00e5r evne til \u00e5 levere\u00a0<strong>effektivt, trygt og med h\u00f8y kvalitet<\/strong>\u00a0\u2013 til fordel for b\u00e5de v\u00e5re kunder og v\u00e5re ansatte.<\/p>\n\n\n\n<div class=\"wp-block-buttons is-layout-flex wp-block-buttons-is-layout-flex\">\n<div class=\"wp-block-button is-style-primary\"><a class=\"wp-block-button__link wp-element-button\" href=\"https:\/\/www.nsp.no\/\">Nordic Supply Partner AS<\/a><\/div>\n<\/div>\n<\/div>\n<\/div>\n<\/div>\n<\/div>\n","protected":false},"excerpt":{"rendered":"<p>Elis Matteservice Bris Facility har inng\u00e5tt et samarbeid med Elis Matteservice, som leverer og henter kvalitetsmatter med jevne mellomrom. Dette sikrer at v\u00e5re kunder alltid har rene, pene og trygge inngangspartier \u2013 tilpasset b\u00e5de sesong og behov. Samarbeidet gir oss mulighet til \u00e5 tilby fleksible og profesjonelle mattel\u00f8sninger med h\u00f8y leveringssikkerhet og god kvalitet. Nordic [&hellip;]<\/p>\n","protected":false},"author":1,"featured_media":0,"parent":40,"menu_order":0,"comment_status":"closed","ping_status":"closed","template":"","meta":{"_themeisle_gutenberg_block_has_review":false,"footnotes":""},"class_list":["post-353","page","type-page","status-publish","hentry"],"_links":{"self":[{"href":"https:\/\/brisfacility.no\/index.php\/wp-json\/wp\/v2\/pages\/353","targetHints":{"allow":["GET"]}}],"collection":[{"href":"https:\/\/brisfacility.no\/index.php\/wp-json\/wp\/v2\/pages"}],"about":[{"href":"https:\/\/brisfacility.no\/index.php\/wp-json\/wp\/v2\/types\/page"}],"author":[{"embeddable":true,"href":"https:\/\/brisfacility.no\/index.php\/wp-json\/wp\/v2\/users\/1"}],"replies":[{"embeddable":true,"href":"https:\/\/brisfacility.no\/index.php\/wp-json\/wp\/v2\/comments?post=353"}],"version-history":[{"count":10,"href":"https:\/\/brisfacility.no\/index.php\/wp-json\/wp\/v2\/pages\/353\/revisions"}],"predecessor-version":[{"id":402,"href":"https:\/\/brisfacility.no\/index.php\/wp-json\/wp\/v2\/pages\/353\/revisions\/402"}],"up":[{"embeddable":true,"href":"https:\/\/brisfacility.no\/index.php\/wp-json\/wp\/v2\/pages\/40"}],"wp:attachment":[{"href":"https:\/\/brisfacility.no\/index.php\/wp-json\/wp\/v2\/media?parent=353"}],"curies":[{"name":"wp","href":"https:\/\/api.w.org\/{rel}","templated":true}]}}